er when 455 is divided by 59.
42
Calculate the remainder when 3607 is divided by 240.
7
Calculate the remainder when 171 is divided by 50.
21
What is the remainder when 263 is divided by 86?
5
What is the remainder when 1015 is divided by 100?
15
What is the remainder when 1319 is divided by 95?
84
What is the remainder when 824 is divided by 162?
14
What is the remainder when 195 is divided by 73?
49
What is the remainder when 280 is divided by 57?
52
Calculate the remainder when 815 is divided by 71.
34
Calculate the remainder when 591 is divided by 85.
81
Calculate the remainder when 94 is divided by 19.
18
What is the remainder when 102 is divided by 27?
21
What is the remainder when 2935 is divided by 70?
65
What is the remainder when 2571 is divided by 112?
107
What is the remainder when 6438 is divided by 20?
18
Calculate the remainder when 343 is divided by 114.
1
Calculate the remainder when 171 is divided by 76.
19
Calculate the remainder when 230 is divided by 95.
40
Calculate the remainder when 1687 is divided by 421.
3
Calculate the remainder when 1327 is divided by 184.
39
What is the remainder when 300 is divided by 64?
44
What is the remainder when 1086 is divided by 35?
1
Calculate the remainder when 591 is divided by 25.
16
What is the remainder when 74 is divided by 47?
27
What is the remainder when 14 is divided by 14?
0
Calculate the remainder when 730 is divided by 31.
17
Calculate the remainder when 980 is divided by 79.
32
What is the remainder when 152 is divided by 41?
29
Calculate the remainder when 206 is divided by 59.
29
What is the remainder when 3807 is divided by 67?
55
Calculate the remainder when 3117 is divided by 94.
15
What is the remainder when 2811 is divided by 42?
39
Calculate the remainder when 81 is divided by 55.
26
Calculate the remainder when 9685 is divided by 27.
19
Calculate the remainder when 215 is divided by 24.
23
Calculate the remainder when 1001 is divided by 200.
1
What is the remainder when 1021 is divided by 64?
61
Calculate the remainder when 389 is divided by 126.
11
What is the remainder when 399 is divided by 5?
4
What is the remainder when 249 is divided by 90?
69
Calculate the remainder when 510 is divided by 53.
33
Calculate the remainder when 421 is divided by 53.
50
Calculate the remainder when 7465 is divided by 97.
93
What is the remainder when 177 is divided by 45?
42
What is the remainder when 630 is divided by 228?
174
Calculate the remainder when 3209 is divided by 531.
23
Calculate the remainder when 238 is divided by 83.
72
What is the remainder when 70 is divided by 21?
7
Calculate the remainder when 2567 is divided by 198.
191
What is the remainder when 4866 is divided by 157?
156
Calculate the remainder when 82 is divided by 5.
2
Calculate the remainder when 163 is divided by 120.
43
What is the remainder when 46 is divided by 6?
4
Calculate the remainder when 2918 is divided by 21.
20
What is the remainder when 1313 is divided by 29?
8
Calculate the remainder when 31 is divided by 9.
4
What is the remainder when 203 is divided by 32?
11
Calculate the remainder when 1872 is divided by 5.
2
Calculate the remainder when 272 is divided by 143.
129
Calculate the remainder when 95 is divided by 49.
46
Calculate the remainder when 13277 is divided by 10.
7
Calculate the remainder when 204 is divided by 14.
8
Calculate the remainder when 413 is divided by 131.
20
What is the remainder when 410 is divided by 125?
35
What is the remainder when 404 is divided by 37?
34
What is the remainder when 164 is divided by 58?
48
Calculate the remainder when 58 is divided by 19.
1
Calculate the remainder when 235 is divided by 17.
14
What is the remainder when 1184 is divided by 15?
14
Calculate the remainder when 853 is divided by 107.
104
What is the remainder when 28 is divided by 22?
6
Calculate the remainder when 937 is divided by 119.
104
Calculate the remainder when 79 is divided by 27.
25
Calculate the remainder when 129 is divided by 44.
41
What is the remainder when 5979 is divided by 105?
99
What is the remainder when 328 is divided by 66?
64
Calculate the remainder when 368 is divided by 182.
4
What is the remainder when 2813 is divided by 200?
13
Calculate the remainder when 994 is divided by 44.
26
Calculate the remainder when 41 is divided by 9.
5
What is the remainder when 674 is divided by 114?
104
Calculate the remainder when 232 is divided by 26.
24
Calculate the remainder when 2855 is divided by 946.
17
Calculate the remainder when 4371 is divided by 81.
78
Calculate the remainder when 106 is divided by 102.
4
What is the remainder when 1409 is divided by 692?
25
Calculate the remainder when 7121 is divided by 17.
15
Calculate the remainder when 11396 is divided by 25.
21
What is the remainder when 1716 is divided by 52?
0
What is the remainder when 207 is divided by 86?
35
Calculate the remainder when 123 is divided by 39.
6
What is the remainder when 581 is divided by 205?
171
Calculate the remainder when 2146 is divided by 50.
46
What is the remainder when 199 is divided by 20?
19
What is the remainder when 479 is divided by 20?
19
Calculate the remainder when 148 is divided by 50.
48
Calculate the remainder when 230 is divided by 34.
26
What is the remainder when 250 is divided by 37?
28
What is the remainder when 1311 is divided by 434?
9
What is the remainder when 1407 is divided by 287?
259
Calculate the remainder when 549 is divided by 267.
15
What is the remainder when 3035 is divided by 40?
35
Calculate the remainder when 1012 is divided by 102.
94
What is the remainder when 483 is divided by 61?
56
Calculate the remainder when 113 is divided by 23.
21
What is the remainder when 1214 is divided by 76?
74
Calculate the remainder when 921 is divided by 42.
39
Calculate the remainder when 1319 is divided by 15.
14
What is the remainder when 44 is divided by 34?
10
Calculate the remainder when 1197 is divided by 323.
228
What is the remainder when 3202 is divided by 89?
87
What is the remainder when 740 is divided by 9?
2
Calculate the remainder when 486 is divided by 24.
6
What is the remainder when 484 is divided by 96?
4
What is the remainder when 799 is divided by 399?
1
What is the remainder when 116 is divided by 59?
57
What is the remainder when 1093 is divided by 58?
49
What is the remainder when 244 is divided by 2?
0
What is the remainder when 251 is divided by 63?
62
Calculate the remainder when 82 is divided by 49.
33
What is the remainder when 361 is divided by 88?
9
Calculate the remainder when 662 is divided by 396.
266
Calculate the remainder when 248 is divided by 50.
48
Calculate the remainder when 68 is divided by 21.
5
Calculate the remainder when 1765 is divided by 31.
29
Calculate the remainder when 1262 is divided by 159.
149
What is the remainder when 221 is divided by 42?
11
What is the remainder when 365 is divided by 93?
86
What is the remainder when 447 is divided by 223?
1
What is the remainder when 133 is divided by 53?
27
Calculate the remainder when 247 is divided by 31.
30
Calculate the remainder when 103 is divided by 22.
15
What is the remainder when 70 is divided by 19?
13
Calculate the remainder when 641 is divided by 86.
39
Calculate the remainder when 74 is divided by 25.
24
Calculate the remainder when 1994 is divided by 29.
22
Calculate the remainder when 1194 is divided by 9.
6
Calculate the remainder when 159 is divided by 32.
31
What is the remainder when 97 is divided by 18?
7
What is the remainder when 6964 is divided by 54?
52
What is the remainder when 525 is divided by 86?
9
Calculate the remainder when 354 is divided by 348.
6
What is the remainder when 407 is divided by 34?
33
Calculate the remainder when 597 is divided by 59.
7
What is the remainder when 2380 is divided by 16?
12
What is the remainder when 163 is divided by 54?
1
What is the remainder when 388 is divided by 65?
63
What is the remainder when 237 is divided by 49?
41
Calculate the remainder when 197 is divided by 45.
17
What is the remainder when 7316 is divided by 13?
10
What is the remainder when 530 is divided by 20?
10
Calculate the remainder when 525 is divided by 15.
0
Calculate the remainder when 125 is divided by 48.
29
What is the